s the remainder when 472 is divided by 95?
92
What is the remainder when 226 is divided by 188?
38
What is the remainder when 665 is divided by 48?
41
Calculate the remainder when 26 is divided by 9.
8
Calculate the remainder when 1705 is divided by 14.
11
Calculate the remainder when 257 is divided by 93.
71
What is the remainder when 186 is divided by 27?
24
What is the remainder when 348 is divided by 283?
65
What is the remainder when 3465 is divided by 693?
0
What is the remainder when 66861 is divided by 12?
9
Calculate the remainder when 9 is divided by 8.
1
What is the remainder when 770 is divided by 96?
2
What is the remainder when 46 is divided by 21?
4
Calculate the remainder when 1540 is divided by 250.
40
Calculate the remainder when 512 is divided by 57.
56
Calculate the remainder when 476 is divided by 15.
11
Calculate the remainder when 29912 is divided by 31.
28
What is the remainder when 265 is divided by 23?
12
What is the remainder when 296 is divided by 25?
21
What is the remainder when 984 is divided by 34?
32
Calculate the remainder when 6137 is divided by 3058.
21
What is the remainder when 73 is divided by 5?
3
Calculate the remainder when 2749 is divided by 16.
13
Calculate the remainder when 382 is divided by 110.
52
What is the remainder when 2391 is divided by 26?
25
Calculate the remainder when 34 is divided by 30.
4
What is the remainder when 1906 is divided by 9?
7
Calculate the remainder when 1014 is divided by 6.
0
What is the remainder when 3735 is divided by 26?
17
Calculate the remainder when 365 is divided by 53.
47
What is the remainder when 3420 is divided by 118?
116
Calculate the remainder when 163 is divided by 81.
1
Calculate the remainder when 219 is divided by 22.
21
What is the remainder when 885 is divided by 12?
9
Calculate the remainder when 3183 is divided by 18.
15
Calculate the remainder when 562 is divided by 114.
106
Calculate the remainder when 2194 is divided by 312.
10
Calculate the remainder when 981 is divided by 82.
79
Calculate the remainder when 603 is divided by 101.
98
What is the remainder when 3704 is divided by 19?
18
What is the remainder when 661 is divided by 253?
155
What is the remainder when 895 is divided by 292?
19
Calculate the remainder when 1425 is divided by 708.
9
Calculate the remainder when 105 is divided by 33.
6
What is the remainder when 5982 is divided by 31?
30
Calculate the remainder when 84 is divided by 39.
6
Calculate the remainder when 1226 is divided by 123.
119
What is the remainder when 4822 is divided by 36?
34
Calculate the remainder when 1063 is divided by 129.
31
What is the remainder when 485 is divided by 61?
58
What is the remainder when 74 is divided by 3?
2
What is the remainder when 100 is divided by 34?
32
Calculate the remainder when 339 is divided by 123.
93
Calculate the remainder when 763 is divided by 13.
9
What is the remainder when 133 is divided by 70?
63
Calculate the remainder when 3126 is divided by 620.
26
Calculate the remainder when 369 is divided by 19.
8
What is the remainder when 77 is divided by 41?
36
Calculate the remainder when 3119 is divided by 116.
103
Calculate the remainder when 196 is divided by 47.
8
What is the remainder when 569 is divided by 22?
19
What is the remainder when 1859 is divided by 614?
17
Calculate the remainder when 40 is divided by 31.
9
Calculate the remainder when 366 is divided by 104.
54
What is the remainder when 26 is divided by 2?
0
Calculate the remainder when 589 is divided by 147.
1
What is the remainder when 466 is divided by 455?
11
Calculate the remainder when 250 is divided by 250.
0
Calculate the remainder when 316 is divided by 70.
36
Calculate the remainder when 1624 is divided by 84.
28
Calculate the remainder when 99 is divided by 20.
19
What is the remainder when 11942 is divided by 27?
8
What is the remainder when 821 is divided by 15?
11
What is the remainder when 18 is divided by 12?
6
What is the remainder when 197 is divided by 87?
23
Calculate the remainder when 344 is divided by 70.
64
Calculate the remainder when 110 is divided by 34.
8
Calculate the remainder when 207 is divided by 19.
17
Calculate the remainder when 9549 is divided by 16.
13
What is the remainder when 93 is divided by 78?
15
What is the remainder when 182 is divided by 5?
2
What is the remainder when 535 is divided by 37?
17
What is the remainder when 977 is divided by 14?
11
Calculate the remainder when 104023 is divided by 73.
71
What is the remainder when 166 is divided by 24?
22
What is the remainder when 223 is divided by 53?
11
Calculate the remainder when 1954 is divided by 246.
232
What is the remainder when 1296 is divided by 143?
9
What is the remainder when 477 is divided by 161?
155
Calculate the remainder when 63 is divided by 12.
3
What is the remainder when 975 is divided by 122?
121
What is the remainder when 103 is divided by 41?
21
Calculate the remainder when 146 is divided by 54.
38
What is the remainder when 31 is divided by 11?
9
What is the remainder when 283 is divided by 24?
19
Calculate the remainder when 692 is divided by 139.
136
What is the remainder when 1331 is divided by 43?
41
What is the remainder when 120 is divided by 37?
9
What is the remainder when 350 is divided by 27?
26
What is the remainder when 195 is divided by 19?
5
Calculate the remainder when 1439 is divided by 18.
17
What is the remainder when 149 is divided by 9?
5
What is the remainder when 1429 is divided by 40?
29
What is the remainder when 552 is divided by 31?
25
Calculate the remainder when 587 is divided by 286.
15
What is the remainder when 130 is divided by 34?
28
What is the remainder when 355 is divided by 122?
111
What is the remainder when 112 is divided by 12?
4
Calculate the remainder when 1600 is divided by 183.
136
Calculate the remainder when 471 is divided by 158.
155
What is the remainder when 512 is divided by 134?
110
Calculate the remainder when 1941 is divided by 105.
51
What is the remainder when 119 is divided by 10?
9
Calculate the remainder when 6 is divided by 6.
0
Calculate the remainder when 879 is divided by 13.
8
Calculate the remainder when 33 is divided by 3.
0
Calculate the remainder when 41 is divided by 3.
2
What is the remainder when 62 is divided by 37?
25
What is the remainder when 4034 is divided by 2017?
0
Calculate the remainder when 99 is divided by 90.
9
What is the remainder when 1006 is divided by 19?
18
Calculate the remainder when 4 is divided by 3.
1
What is the remainder when 362 is divided by 26?
24
Calculate the remainder when 2780 is divided by 87.
83
What is the remainder when 13336 is divided by 247?
245
What is the remainder when 1786 is divided by 37?
10
What is the remainder when 89 is divided by 45?
44
What is the remainder when 68 is divided by 11?
2
What is the remainder when 807 is divided by 162?
159
Calculate the remainder when 11 is divided by 6.
5
What is the remainder when 768 is divided by 40?
8
Calculate the remainder when 501 is divided by 78.
33
Calculate the remainder when 2918 is divided by 68.
62
Calculate the remainder when 874 is divided by 235.
169
Calculate the remainder when 55 is divided by 8.
7
What is the remainder when 19708 is divided by 23?
20
Calculate the remainder when 321 is divided by 217.
104
Calculate the remainder when 2424 is divided by 17.
10
What is the remainder when 1631 is divided by 96?
95
Calculate the remainder when 38 is divided by 21.
17
Calculate the remainder when 90 is divided by 31.
28
Calculate the remainder when 733 is divided by 12.
1
Calculate the remainder when 2574 is divided by 2573.
1
Calculate the remainder when 718 is divided by 25.
18
What is the remainder when 45 is divided by 8?
5
Calculate the remainder when 7447 is divided by 2481.
4
Calculate the remainder when 2725 is divided by 31.
28
What is the remainder when 313 is divided by 5?
3
What is the remainder when 273 is divided by 47?
38
What is the remainder when 82 is divided by 33?
16
What is the remainder when 115 is divided by 9?
7
Calculate the remainder when 335 is divided by 32.
15
Calculate the remainder when 458 is divided by 17.
16
Calculate the remainder when 521 is divided by 88.
81
What is the remainder whe